*g - 15 = 0, -4*g = -3*h + 48. Suppose -5*i + 71 = 11. Suppose 0 = 2*k + 5*t - i, -t + h + 4 = 4*k. List the prime factors of k.
2, 3
Let g be (0/(-2))/(6/2). Let u = g + 11. What are the prime factors of u?
11
Let l(o) = o**3 - o**2. Let w be l(0). Suppose v + 3*v - 8 = 4*a, w = -v. List the prime factors of 9/(a*(-1)/2).
3
List the prime factors of ((-4)/(-4))/((-1)/(-14)).
2, 7
Let i be 53 - 3 - (-3 - -1). Suppose -o + 2*y = -23, 2*o - y = y + i. List the prime factors of o.
29
List the prime factors of 12/8*46*1/3.
23
Let g = 15 + -16. Let t = 8 - g. List the prime factors of t.
3
Let r = -1 - 2. What are the prime factors of 3/r - (-25 - -2)?
2, 11
Suppose 5*j = -4 + 39. Suppose 3*r = -f + 10, -50 = -j*f + 2*f + r. What are the prime factors of f?
2, 5
Suppose -4*y - 17 = -0*n + 3*n, -n - 12 = -5*y. Let u = 8 + n. What are the prime factors of u/(3/36*3)?
2
Suppose -k + 21 + 27 = 0. Suppose 0 = -0*c + 4*c - k. What are the prime factors of c?
2, 3
Suppose -y + 6 = -2*h - 0, 5*y = -3*h - 35. Suppose 5 = a + 4*a, 4*a - 9 = -5*u. What are the prime factors of u/y + (-21)/(-4)?
5
What are the prime factors of 121 - (24/(-4))/3?
3, 41
Suppose 53 = -c + 8. Let h = -31 - c. What are the prime factors of h?
2, 7
Suppose -3*k = -14 - 22. What are the prime factors of k?
2, 3
Suppose 2*t - 4 - 2 = 0. Let m be (7 + -1)/t + 0. Suppose m*q - f - 14 = 0, q + 4*f = -7 - 4. What are the prime factors of q?
5
Suppose r - 3*b = -b + 42, 3*r - 3*b = 111. List the prime factors of r.
2
Suppose w + h = 0, -4*w = -0*h - 2*h. Let y(r) = -r + 33. What are the prime factors of y(w)?
3, 11
Let p(g) = g**3 + g**2 + g + 1. Let a be p(-1). Let v(b) = -b + 15. What are the prime factors of v(a)?
3, 5
Let y(p) = -2*p - 6. Let i be 3*(-8)/(-6)*1. Let x = i - 8. List the prime factors of y(x).
2
Let b be (-14)/4*(1 + -3). Let n = 20 - b. What are the prime factors of n?
13
Suppose -5*g = -3*l - 149, 5*g = 3*g + 4*l + 54. What are the prime factors of g?
31
Suppose 0*s - 5*s + 105 = 0. Let r = s - 13. What are the prime factors of r?
2
Let r be 1/(2/6) + 0. Let f(c) = 3*c - r*c + 2 + c. What are the prime factors of f(5)?
7
Let q be 0/(9/3) + 2. Suppose 13 = q*m + 3. What are the prime factors of m?
5
Let c(a) = 11*a**2 - 1. Suppose 0 = -k + 5. Suppose -4*g + g + 10 = -z, -k*g = 5*z - 10. What are the prime factors of c(z)?
2, 5
Let d(s) = s - 17. Let y be d(12). Let h = y + 8. Suppose 0*c - 2*a = -h*c + 29, c + 3*a = 28. What are the prime factors of c?
13
Let j(k) = -k**3 - 3*k**2 + 2*k - 4. Let x be j(-4). List the prime factors of x/(-14) - (-220)/35.
2, 3
Let o = -16 + 18. List the prime factors of o/(-6) - (-575)/15.
2, 19
Suppose 0 = -4*m - 4*c - 4, 4*m - 4*c = m - 38. List the prime factors of (4/m)/(14/(-189)).
3
Let p(k) = -k**3 - 8*k**2 + 8*k. Let v be p(-9). Let q(l) = -l**3 + 9*l**2 + l + 1. What are the prime factors of q(v)?
2, 5
Let m(g) = 2*g + 5. What are the prime factors of m(5)?
3, 5
Suppose -4*k + 172 = -2*q + 5*q, -k - 152 = -3*q. What are the prime factors of q?
2, 13
Let t = -4 + -12. Let l = t + 40. List the prime factors of 3/(1*9/l).
2
Suppose -3*q = 4*a + q - 8, 3*a - 5*q = -34. Let g(v) = -2*v**3 + 2*v**2 + 3*v + 2. Let l be g(a). Suppose -8*o + 3*o = -l. List the prime factors of o.
13
What are the prime factors of 3/4 - (-5415)/76?
2, 3
Suppose r = 1 + 1. Suppose 0 = -3*b + r*y + 64, -3*b + 2*b - 2*y = -8. List the prime factors of b.
2, 3
Let d(h) = -h**3 + 10*h**2 - 6*h - 5. Let y be d(6). Suppose -5*r = -2*m + 14 - 101, -5*r - 2*m + y = 0. What are the prime factors of r?
19
Suppose 0 = 4*a + 4*x - 76, 24 = a - 5*x - 1. Suppose 5*v = 5*h - a, 20 = -5*h - 2*v + 75. List the prime factors of h.
3
Suppose 3*u - 2*q - 21 = 38, 5*q = 2*u - 21. List the prime factors of u.
23
Let d be 2/(-2*(-2)/6). Suppose 25 = d*c + 2*m - 0*m, -3*c - 3*m + 21 = 0. What are the prime factors of c?
11
Suppose 56 = 5*r - 99. Let z = -37 + 55. Let n = r - z. What are the prime factors of n?
13
Let l(i) = 3*i - 2. Let j = -6 + 8. Let x be l(j). Suppose x = -2*t + 14. List the prime factors of t.
5
Let s = -8 + 3. Let q(d) = -4*d**3 - 4*d**2 - d + 2. Let m(f) = -7*f**3 - 8*f**2 - f + 4. Let p(y) = 3*m(y) - 5*q(y). List the prime factors of p(s).
17
Suppose -3*g = -167 - 148. What are the prime factors of g?
3, 5, 7
Suppose 3*c - 71 = 19. Suppose c - 10 = 2*t. What are the prime factors of t?
2, 5
Let q(r) = 5*r - 2. What are the prime factors of q(1)?
3
Let w = 0 - -9. Let z be w/(-2)*(-8)/12. Suppose z*g - g - 4 = 0. List the prime factors of g.
2
Let h be (-105)/7*(-2)/6. Let s = 62 - h. List the prime factors of s.
3, 19
Let i(y) = -2*y - 13. Let z(u) = 2*u + 13. Let w(x) = 3*i(x) + 2*z(x). List the prime factors of w(-9).
5
Let f(n) = n**2 + n - 1. Let q be f(-2). Let k(i) = 3*i + 6. Let o(g) = 4*g + 7. Let w(s) = -7*k(s) + 6*o(s). List the prime factors of w(q).
3
Let v = -113 + 163. Suppose -3*s - 2*s + 3*i = -v, -s + 12 = -i. What are the prime factors of s?
7
Suppose 1 = 5*m + 26. Let l be 2/12 + 22/12. What are the prime factors of 0/l - 2 - m?
3
Suppose -33 = -4*a + 159. What are the prime factors of a?
2, 3
Let p be (-1 + 6 - 4)*3. What are the prime factors of (-14)/(-3) - (-1)/p?
5
Suppose -5*s + 2*q = -105, -3*s + q = -5*s + 51. Let l = s + -14. List the prime factors of l.
3
Let o be (-3)/((-18)/(-28))*3. Let h = o - -24. What are the prime factors of (3 - 5) + h*1?
2
Let g(s) = s + 12*s**2 - 2*s - s**3 + 1 - 9*s**2. List the prime factors of g(2).
3
Let r = -6 - -11. Suppose 35 = r*t - 5*i, 0 = t - 3*t - i + 5. Suppose -t*s = 25 - 69. What are the prime factors of s?
11
Suppose s - 2*g + 1 = -2*s, -3*g = -5*s. Suppose -s*t + 32 = b, -4*t - 54 = 5*b - 225. What are the prime factors of b?
5, 7
Let f = -18 - -46. What are the prime factors of f - -3*(-4)/12?
3
Suppose 2 = -4*m - 14. Let q = 6 + m. List the prime factors of q.
2
Suppose k + b = -3*k - 72, -2*b = 0. Let q = k - -34. What are the prime factors of q?
2
Suppose 4*m + 3*w - 114 = -34, -3*m + 5*w + 89 = 0. List the prime factors of m.
23
What are the prime factors of -60*((-8)/20 + 0)?
2, 3
Suppose -t + 438 = 5*y, 172 + 254 = 5*y - 3*t. What are the prime factors of y?
3, 29
What are the prime factors of (-261)/(-12)*(-56)/(-21)?
2, 29
Suppose z + 29 = 90. What are the prime factors of z?
61
Suppose -3*i = -6*i - 2*w + 2, -4*i = 4*w - 4. Let u be 15 + 2/(-4)*i. Let v = u - -3. What are the prime factors of v?
2, 3
Let a(u) = 65*u - 1. List the prime factors of a(1).
2
Let v(n) = 2 - 5*n - 5*n - n**2 - 6 + 0. Let c be v(-9). Suppose c*q + 31 = 4*d, 3*d - 4 = -d - 4*q. List the prime factors of d.
2
Let g be ((-100)/(-6))/((-3)/(-9)). Suppose 5*s = -5*n + 70, -5*s + 9*n + g = 4*n. List the prime factors of s.
2, 3
Suppose -4*u + 15 = u. Suppose 0 = 2*w + 2*w + 8, 0 = -u*i + 3*w + 129. List the prime factors of i.
41
Let q = 11 - 8. Suppose 2*c - 15 = 3*v, 4*c = -v - 12 + 63. Let w = c - q. What are the prime factors of w?
3
Let i = 32 - 23. What are the prime factors of i?
3
Let s(g) = g + 14. Let v be s(-8). Let q(p) = p**3 - 6*p**2 + p. What are the prime factors of q(v)?
2, 3
Let j be 3 + -6 - 1*-12. Suppose -2*z = -z + 4. Let o = j + z. List the prime factors of o.
5
Let q(j) = -j + 1. Let n be q(-3). Suppose n*v = 2*v. Suppose v = a + 4*a - 10. What are the prime factors of a?
2
Let q(y) = -y**2 + 1. Let g be q(2). Let s be (-1)/(1*g/15). Suppose 0 = s*i - 2*b - 62, -7*b + 2*b + 34 = i. List the prime factors of i.
2, 7
Let f = 4 + -1. Suppose -3*u = -f, -2*u + 5*u = -5*g + 18. Let q(l) = 2*l**2 - 3*l - 3. List the prime factors of q(g).
2, 3
Let a(s) = s**2 + s - 10. Let u be a(0). Let x = 23 + u. What are the prime factors of x?
13
Let h = -41 + 28. Let x = h - -31. What are the prime factors of x?
2, 3
Suppose -3 = 3*g - 3*d + 30, -2*g = -3*d + 19. Let t = g - -20. Let h = t + 1. List the prime factors of h.
7
Let f = -18 + 18. Suppose f = -5*q + 80 - 30. What are the prime factors of q?
2, 5
Suppose -g + 8 = -c, -c + 0*c + 1 = 2*g. Suppose -g*m - 2*r = -4, 4*m = 6*m - r + 9. Let q = m + 13. List the prime factors of q.
11
Suppose 0*u + 4 = u. Let m(s) = -1. Let p(d) = -2*d + 2. Let n(x) = 4*m(x) - p(x). What are the prime factors of n(u)?
2
Let b be 5 - 2 - (-5)/5. Suppose -5*y 